{"id":268,"date":"2022-09-25T10:52:09","date_gmt":"2022-09-25T08:52:09","guid":{"rendered":"https:\/\/cboi.yt\/?page_id=268"},"modified":"2022-09-25T13:07:06","modified_gmt":"2022-09-25T11:07:06","slug":"nous-vous-proposons","status":"publish","type":"page","link":"https:\/\/cboi.yt\/?page_id=268","title":{"rendered":"Nous vous proposons :"},"content":{"rendered":"\n<p>Quelques instruments pr\u00e9 s\u00e9lectionn\u00e9 pour l&rsquo;usage de tous, toutes les gammes sont consultables sur les sites constructeurs<\/p>\n\n\n\n<p> <em>Cliquer pour acc\u00e9der aux pages<\/em><\/p>\n\n\n\n<p><a href=\"https:\/\/cboi.yt\/?page_id=211\">Balances pour le commerce ou l&rsquo;industrie<\/a><\/p>\n\n\n\n<p><a href=\"https:\/\/cboi.yt\/?page_id=271\" data-type=\"URL\" data-id=\"https:\/\/cboi.yt\/?page_id=271\" target=\"_blank\" rel=\"noreferrer noopener\">Balances de laboratoire<\/a><\/p>\n\n\n\n<p><a href=\"https:\/\/cboi.yt\/?page_id=280\" data-type=\"URL\" data-id=\"https:\/\/cboi.yt\/?page_id=280\">Balances m\u00e9dicales<\/a><\/p>\n\n\n\n<p><a href=\"https:\/\/cboi.yt\/?page_id=295\" data-type=\"URL\" data-id=\"https:\/\/cboi.yt\/?page_id=295\">Transpalettes peseurs<\/a><\/p>\n\n\n\n<p>Dynamom\u00e8tre et crochets peseurs<\/p>\n\n\n\n<p><em>et bien s\u00fbr les pi\u00e8ces d\u00e9tach\u00e9es et accessoires correspondants<\/em><\/p>\n","protected":false},"excerpt":{"rendered":"<p>Quelques instruments pr\u00e9 s\u00e9lectionn\u00e9 pour l&rsquo;usage de tous, toutes les gammes sont consultables sur les sites constructeurs Cliquer pour acc\u00e9der aux pages Balances pour le commerce ou l&rsquo;industrie Balances de laboratoire Balances m\u00e9dicales Transpalettes peseurs Dynamom\u00e8tre et crochets peseurs et bien s\u00fbr les pi\u00e8ces d\u00e9tach\u00e9es et accessoires correspondants<\/p>\n","protected":false},"author":1,"featured_media":0,"parent":0,"menu_order":0,"comment_status":"closed","ping_status":"closed","template":"","meta":{"footnotes":""},"class_list":["post-268","page","type-page","status-publish","hentry","entry"],"uagb_featured_image_src":{"full":false,"thumbnail":false,"medium":false,"medium_large":false,"large":false,"1536x1536":false,"2048x2048":false,"post-thumbnail":false},"uagb_author_info":{"display_name":"admin7778","author_link":"https:\/\/cboi.yt\/?author=1"},"uagb_comment_info":0,"uagb_excerpt":"Quelques instruments pr\u00e9 s\u00e9lectionn\u00e9 pour l&rsquo;usage de tous, toutes les gammes sont consultables sur les sites constructeurs Cliquer pour acc\u00e9der aux pages Balances pour le commerce ou l&rsquo;industrie Balances de laboratoire Balances m\u00e9dicales Transpalettes peseurs Dynamom\u00e8tre et crochets peseurs et bien s\u00fbr les pi\u00e8ces d\u00e9tach\u00e9es et accessoires correspondants","_links":{"self":[{"href":"https:\/\/cboi.yt\/index.php?rest_route=\/wp\/v2\/pages\/268","targetHints":{"allow":["GET"]}}],"collection":[{"href":"https:\/\/cboi.yt\/index.php?rest_route=\/wp\/v2\/pages"}],"about":[{"href":"https:\/\/cboi.yt\/index.php?rest_route=\/wp\/v2\/types\/page"}],"author":[{"embeddable":true,"href":"https:\/\/cboi.yt\/index.php?rest_route=\/wp\/v2\/users\/1"}],"replies":[{"embeddable":true,"href":"https:\/\/cboi.yt\/index.php?rest_route=%2Fwp%2Fv2%2Fcomments&post=268"}],"version-history":[{"count":6,"href":"https:\/\/cboi.yt\/index.php?rest_route=\/wp\/v2\/pages\/268\/revisions"}],"predecessor-version":[{"id":300,"href":"https:\/\/cboi.yt\/index.php?rest_route=\/wp\/v2\/pages\/268\/revisions\/300"}],"wp:attachment":[{"href":"https:\/\/cboi.yt\/index.php?rest_route=%2Fwp%2Fv2%2Fmedia&parent=268"}],"curies":[{"name":"wp","href":"https:\/\/api.w.org\/{rel}","templated":true}]}}