{"id":68,"date":"2022-02-13T16:22:44","date_gmt":"2022-02-13T15:22:44","guid":{"rendered":"http:\/\/cboi.yt\/?page_id=68"},"modified":"2023-04-24T09:30:23","modified_gmt":"2023-04-24T07:30:23","slug":"nos-prestations","status":"publish","type":"page","link":"https:\/\/cboi.yt\/?page_id=68","title":{"rendered":"Nos prestations"},"content":{"rendered":"\n<p><\/p>\n\n\n\n<h2 class=\"wp-block-heading\">Contr\u00f4le, maintenance et distribution des balances et ponts bascules<\/h2>\n\n\n\n<p>Les activit\u00e9s de CBOI :<\/p>\n\n\n\n<p><\/p>\n\n\n\n<ul class=\"wp-block-list\">\n<li>La <strong>V\u00e9rification P\u00e9riodique<\/strong> d\u2019IPFNA,<\/li>\n\n\n\n<li>Le <strong>Contr\u00f4le<\/strong> en <strong>M\u00e9trologie L\u00e9gale<\/strong> et Hors <strong>M\u00e9trologie L\u00e9gale <\/strong>d\u2019instruments de pesage,<\/li>\n\n\n\n<li>Le Service Apr\u00e8s Vente, la <strong>r\u00e9vision<\/strong> et la <strong>maintenance<\/strong> de tout type d\u2019appareil de pesage,<\/li>\n\n\n\n<li>La <strong>vente<\/strong> et la <strong>location<\/strong> d\u2019<strong>instruments de pesage<\/strong> pour toutes applications industrielles et commerciales, le <strong>pesage de pr\u00e9cision<\/strong> pour les laboratoires, et les <strong>balances m\u00e9dicales<\/strong>,<\/li>\n<\/ul>\n\n\n\n<p><\/p>\n\n\n\n<p>Install\u00e9 \u00e0 Mamoudzou, nous intervenons sur tout le d\u00e9partement et la r\u00e9gion Oc\u00e9an Indien.<\/p>\n\n\n\n<p><\/p>\n\n\n\n<p>Notre \u00e9quipe de collaborateurs exp\u00e9riment\u00e9s sont au service de nos clients dans des secteurs d\u2019activit\u00e9s tr\u00e8s diff\u00e9rents :<\/p>\n\n\n\n<p><strong>Industries<\/strong> : &nbsp;agro-alimentaire, a\u00e9ronautique, environnement, recyclage, traitement des d\u00e9chets, production d\u2019\u00e9nergie, centrale \u00e0 b\u00e9ton, etc.<\/p>\n\n\n\n<p><strong>Commerces et distribution<\/strong> :&nbsp;Alimentation animale, produits chimiques, maraichage, p\u00eaches et mar\u00e9es, \u00e9levage, GMS, etc.<\/p>\n\n\n\n<p><strong>Autres&nbsp;<\/strong>: Collectivit\u00e9s,, \u00e9tablissements scolaires, universit\u00e9s, \u00e9tablissements de soins, pharmacies, etc.<\/p>\n\n\n\n<p><\/p>\n\n\n\n<p>Nous avons s\u00fbrement d\u00e9j\u00e0 satisfait un de vos confr\u00e8res. D\u00e9couvrez nos prestations et produits\u2026<\/p>\n\n\n\n<div class=\"wp-block-media-text alignwide is-stacked-on-mobile\" style=\"grid-template-columns:15% auto\"><figure class=\"wp-block-media-text__media\"><a href=\"https:\/\/www.gfpcontrole.fr\/\"><img loading=\"lazy\" decoding=\"async\" width=\"150\" height=\"150\" src=\"https:\/\/cboi.yt\/wp-content\/uploads\/2022\/07\/GFPC-Adherent-Logo-simplifie-800x800-1-e1658995429798.bmp\" alt=\"\" class=\"wp-image-234 size-thumbnail\"\/><\/a><\/figure><div class=\"wp-block-media-text__content\">\n<p class=\"has-large-font-size\">V\u00e9rification des balances, bascules et tous moyens de pesage<\/p>\n\n\n\n<p>CBOI est adh\u00e9rente \u00e0 GFP Contr\u00f4le pour r\u00e9aliser :<\/p>\n\n\n\n<ul class=\"wp-block-list\">\n<li>la <strong>v\u00e9rification p\u00e9riodique des IPFNA<\/strong>,<\/li>\n\n\n\n<li>la <strong>r\u00e9paration des IPFNA<\/strong><\/li>\n<\/ul>\n\n\n\n<p>A ce titre, nous respectons les proc\u00e9dures et les exigences de <a href=\"https:\/\/www.gfpcontrole.fr\/\">GFP Contr\u00f4le<\/a><\/p>\n<\/div><\/div>\n\n\n\n<div class=\"wp-block-media-text alignwide is-stacked-on-mobile\" style=\"grid-template-columns:15% auto\"><figure class=\"wp-block-media-text__media\"><img loading=\"lazy\" decoding=\"async\" width=\"214\" height=\"130\" src=\"https:\/\/cboi.yt\/wp-content\/uploads\/2022\/11\/Logo-france-admin.png\" alt=\"\" class=\"wp-image-312 size-full\"\/><\/figure><div class=\"wp-block-media-text__content\">\n<p class=\"has-large-font-size\">D\u00e9cision n\u00b022.21610.005.1 du 3 novembre 2022 portant renouvellement et modification de agr\u00e9ment objet de la d\u00e9cision n\u00b014.21.610.710.1 du 17 novembre 2014<\/p>\n\n\n\n<p><em>(Rajout de CBOI)<\/em><\/p>\n\n\n\n<p><a href=\"https:\/\/cboi.yt\/wp-content\/uploads\/2022\/11\/AGREME1.pdf\" data-type=\"URL\" data-id=\"https:\/\/cboi.yt\/wp-content\/uploads\/2022\/11\/AGREME1.pdf\">Consulter la d\u00e9cision<\/a><\/p>\n<\/div><\/div>\n\n\n\n<div class=\"wp-block-media-text alignwide is-stacked-on-mobile\" style=\"grid-template-columns:15% auto\"><figure class=\"wp-block-media-text__media\"><img loading=\"lazy\" decoding=\"async\" width=\"1024\" height=\"998\" src=\"https:\/\/cboi.yt\/wp-content\/uploads\/2022\/03\/kisspng-preventive-maintenance-total-productive-maintenanc-repair-5ab89ce1e59c41.2882809615220482259405-1024x998.png\" alt=\"\" class=\"wp-image-134 size-full\" srcset=\"https:\/\/cboi.yt\/wp-content\/uploads\/2022\/03\/kisspng-preventive-maintenance-total-productive-maintenanc-repair-5ab89ce1e59c41.2882809615220482259405-1024x998.png 1024w, https:\/\/cboi.yt\/wp-content\/uploads\/2022\/03\/kisspng-preventive-maintenance-total-productive-maintenanc-repair-5ab89ce1e59c41.2882809615220482259405-300x292.png 300w, https:\/\/cboi.yt\/wp-content\/uploads\/2022\/03\/kisspng-preventive-maintenance-total-productive-maintenanc-repair-5ab89ce1e59c41.2882809615220482259405-768x749.png 768w, https:\/\/cboi.yt\/wp-content\/uploads\/2022\/03\/kisspng-preventive-maintenance-total-productive-maintenanc-repair-5ab89ce1e59c41.2882809615220482259405.png 1438w\" sizes=\"auto, (max-width: 1024px) 100vw, 1024px\" \/><\/figure><div class=\"wp-block-media-text__content\">\n<p>Certificat d&rsquo;approbation de syst\u00e8me qualit\u00e9 r\u00e9paration IPFNA, Certification LNE-22952 R33 <\/p>\n\n\n\n<p><em>(Rajout de CBOI)<\/em><\/p>\n\n\n\n<p><a href=\"https:\/\/cboi.yt\/wp-content\/uploads\/2022\/11\/Certification-LNE-22952-R33-Certificat-dapprobation-de-systeme-qualite-reparation-IPFNA.pdf\" target=\"_blank\" rel=\"noreferrer noopener\">Consulter le certificat<\/a><\/p>\n<\/div><\/div>\n","protected":false},"excerpt":{"rendered":"<p>Contr\u00f4le, maintenance et distribution des balances et ponts bascules Les activit\u00e9s de CBOI : Install\u00e9 \u00e0 Mamoudzou, nous intervenons sur tout le d\u00e9partement et la r\u00e9gion Oc\u00e9an Indien. Notre \u00e9quipe de collaborateurs exp\u00e9riment\u00e9s sont au service de nos clients dans des secteurs d\u2019activit\u00e9s tr\u00e8s diff\u00e9rents : Industries : &nbsp;agro-alimentaire, a\u00e9ronautique, environnement, recyclage, traitement des d\u00e9chets,&hellip; <a class=\"more-link\" href=\"https:\/\/cboi.yt\/?page_id=68\">Poursuivre la lecture <span class=\"screen-reader-text\">Nos prestations<\/span><\/a><\/p>\n","protected":false},"author":1,"featured_media":0,"parent":0,"menu_order":0,"comment_status":"closed","ping_status":"closed","template":"","meta":{"footnotes":""},"class_list":["post-68","page","type-page","status-publish","hentry","entry"],"uagb_featured_image_src":{"full":false,"thumbnail":false,"medium":false,"medium_large":false,"large":false,"1536x1536":false,"2048x2048":false,"post-thumbnail":false},"uagb_author_info":{"display_name":"admin7778","author_link":"https:\/\/cboi.yt\/?author=1"},"uagb_comment_info":0,"uagb_excerpt":"Contr\u00f4le, maintenance et distribution des balances et ponts bascules Les activit\u00e9s de CBOI : Install\u00e9 \u00e0 Mamoudzou, nous intervenons sur tout le d\u00e9partement et la r\u00e9gion Oc\u00e9an Indien. Notre \u00e9quipe de collaborateurs exp\u00e9riment\u00e9s sont au service de nos clients dans des secteurs d\u2019activit\u00e9s tr\u00e8s diff\u00e9rents : Industries : &nbsp;agro-alimentaire, a\u00e9ronautique, environnement, recyclage, traitement des d\u00e9chets,&hellip;\u2026","_links":{"self":[{"href":"https:\/\/cboi.yt\/index.php?rest_route=\/wp\/v2\/pages\/68","targetHints":{"allow":["GET"]}}],"collection":[{"href":"https:\/\/cboi.yt\/index.php?rest_route=\/wp\/v2\/pages"}],"about":[{"href":"https:\/\/cboi.yt\/index.php?rest_route=\/wp\/v2\/types\/page"}],"author":[{"embeddable":true,"href":"https:\/\/cboi.yt\/index.php?rest_route=\/wp\/v2\/users\/1"}],"replies":[{"embeddable":true,"href":"https:\/\/cboi.yt\/index.php?rest_route=%2Fwp%2Fv2%2Fcomments&post=68"}],"version-history":[{"count":19,"href":"https:\/\/cboi.yt\/index.php?rest_route=\/wp\/v2\/pages\/68\/revisions"}],"predecessor-version":[{"id":360,"href":"https:\/\/cboi.yt\/index.php?rest_route=\/wp\/v2\/pages\/68\/revisions\/360"}],"wp:attachment":[{"href":"https:\/\/cboi.yt\/index.php?rest_route=%2Fwp%2Fv2%2Fmedia&parent=68"}],"curies":[{"name":"wp","href":"https:\/\/api.w.org\/{rel}","templated":true}]}}